*q, -d - 98 = -3*d - 3*q. Let k be ((-42)/(-9))/(26/39). What is the highest common factor of k and d?
7
Suppose 10 = -6*m + 5*m. Let c be 0/m - (-5 - 1). What is the highest common divisor of 2 and c?
2
Let m(p) = p**3 - 10*p**2 - 8*p + 3. Suppose -88 = -5*i - 33. Let a be m(i). Let d be 208/a - (-6)/27. What is the highest common factor of d and 9?
3
Let t be (-2 + 43/5)/(26/1690). Calculate the greatest common factor of t and 39.
39
Let r = 163 - 46. Let t = -24 - -34. Suppose 0 = -5*m + t, 5*h - m - 73 = -5*m. What is the highest common divisor of r and h?
13
Let w be (-3)/(3/(-9)*-3). Let i(n) = -n + 7. Let c be i(w). Let q be 2/c - 120/(-25). Calculate the greatest common factor of 35 and q.
5
Suppose -5*o + 378 = -702. Suppose -141 = -3*v + o. Suppose -3*i + 93 = 3*m, m = 5*m + 5*i - v. Calculate the greatest common factor of 24 and m.
12
Suppose -d = 3*d + 2*n - 834, 3*d = 4*n + 620. What is the greatest common factor of d and 442?
26
Suppose 10*a - 6*a = 760. What is the greatest common factor of 1235 and a?
95
Let c = 809 - 803. Calculate the greatest common factor of 74 and c.
2
Let z be ((-119)/(-2) + 8)/(3/6). Calculate the greatest common divisor of 54 and z.
27
Suppose 74 = 3*t + 11. Let u(s) = -2*s**2 - 48*s - 263. Let f be u(-15). What is the highest common factor of t and f?
7
Let d = 197 + -50. Calculate the highest common divisor of 3 and d.
3
Suppose 13*k - 11*k = 396. What is the greatest common divisor of k and 72?
18
Let h = 136 - 124. Let v = -8 + h. What is the highest common factor of v and 20?
4
Let g be 2 + (-7)/3*-51. Let v = -3 + 8. Suppose v*t = -0*t + 55. Calculate the greatest common divisor of g and t.
11
Let p = -2877 - -2926. Calculate the greatest common factor of p and 112.
7
Let n be -7*(-216)/28*(-4)/(-3). Let q(a) = -a**2 + 12*a - 11. Let d be q(10). Calculate the greatest common divisor of d and n.
9
Suppose 0 = -3*o + 9, -34 = -g + 3*o + 23. Let y(p) = 2*p**2 - 2*p + 81. Let h be y(7). Calculate the highest common divisor of g and h.
33
Let g(m) be the third derivative of 2*m**4/3 - 43*m**3/6 - 15*m**2. Let c be g(19). What is the highest common factor of c and 29?
29
Suppose -5*k + 6 + 159 = 0. Let h be (-14)/4*(-1 - 1). Suppose -6*l - k = -h*l. What is the highest common factor of l and 22?
11
Suppose 5*m = -4*y + 396, 0 = 19*y - 22*y + 5*m + 297. What is the greatest common factor of 55 and y?
11
Let c be -16*(-36)/(-15)*20/(-3). What is the highest common divisor of 48 and c?
16
Let q = -168 + 238. What is the greatest common factor of 42 and q?
14
Suppose -5*y - 303*t + 7989 = -306*t, -5*t = 5*y - 7965. Calculate the highest common divisor of y and 56.
28
Let m be 2/(-1) - (0 + -13). Suppose -2*f = -4 + 14. Let z(r) = r + 6. Let n be z(f). What is the greatest common factor of m and n?
1
Let q = 66 + -36. Let a(x) = x**3 + 4*x**2 - 7*x - 4. Let k be a(-5). Let m(z) = 2*z - 6. Let j be m(k). What is the greatest common factor of j and q?
6
Let z(m) = m**3 + 8*m**2 + 8*m - 2. Let f be z(-4). Calculate the highest common divisor of f and 225.
15
Suppose f - 79 = v, -4*v - 4*f - 182 = 102. Let u = v - -83. Calculate the greatest common divisor of 24 and u.
8
Let i(z) be the second derivative of 1/2*z**2 + 0 - 3*z + 1/6*z**4 + 5/6*z**3. Let g be i(-4). Calculate the greatest common factor of g and 104.
13
Suppose -3*x + 21 + 42 = 0. Let v(k) = k**2 - 16*k + 32. Let f be v(14). Suppose -39 - 17 = -f*j. Calculate the highest common divisor of j and x.
7
Let z = -5 + 33. Suppose -18 = -z*s + 26*s. What is the greatest common divisor of 72 and s?
9
Suppose 2*b - 98 = -108. Let p(q) = -q**2 - 3*q + 22. Let l be p(b). Calculate the highest common factor of 42 and l.
6
Suppose -j + 2 = -2. Let f be 1/(-2) + (-417)/(-6) + 3. Suppose 0*g = j*g - f. Calculate the greatest common factor of 198 and g.
18
Let x = -55 + 53. Let d be (((-13)/x)/1)/((-3)/(-6)). What is the greatest common factor of d and 52?
13
Suppose 64*y = 525 + 435. What is the highest common divisor of y and 220?
5
Let a(y) be the third derivative of y**5/15 + y**4/6 - y**3/2 + 4*y**2. Let q be a(3). Let o = 161 + -143. What is the greatest common divisor of o and q?
9
Let q = 18 + -16. Let g be (q - 205/(-10))/(3/4). What is the greatest common divisor of 75 and g?
15
Suppose 0 = -2*c - 3*c - 5. Let g be c/((-1)/253)*(-8)/(-8). What is the highest common factor of 23 and g?
23
Suppose -3*h = 7 - 34. Suppose -3*x + 5*g + 41 = 0, 5*x - 95 = 46*g - 41*g. Calculate the highest common divisor of x and h.
9
Let o be (-14)/(-1) - (0 - -2). Suppose 3*z = o, -3*s + 54 = -0*s + 3*z. Calculate the highest common factor of 42 and s.
14
Suppose -c = -3*v - 38, -v - 5*c + 47 = -3*v. Let h(x) = -5*x + 56. Let a be h(9). Let u = a - v. What is the greatest common factor of 33 and u?
11
Let n(b) = 8*b**2 - 6*b + 6. Let z be n(1). Let x be -8*((-22)/z - 0). Let f = 178 + -123. What is the highest common factor of x and f?
11
Let r(z) = -5*z + 3*z + 7 + z. Suppose -k = -n - 8, -3*n - 20 = 5*k + 20. Let m be r(n). What is the highest common divisor of 17 and m?
17
Suppose -2*q + 4*q - 5*r = 6, 5*r = 10. Let z be (33/15 - 1)/((-2)/(-120)). What is the greatest common factor of z and q?
8
Let i be ((0 - -3) + -3)*1. Suppose 4*v + v = -3*c + 49, i = -4*c - 8. Let q = 32 - v. What is the highest common divisor of 147 and q?
21
Let c = 0 + 13. Let p(x) = x - 2. Let o be p(c). What is the greatest common divisor of o and 143?
11
Suppose -406 = 18*a - 47*a. Calculate the highest common factor of a and 21.
7
Suppose -2*x + 134 = i - 147, -695 = -5*x - i. Calculate the highest common divisor of 230 and x.
46
Let n(f) = f + 5. Let w be n(0). Let u(x) = 2*x - 15. Let h be u(10). Suppose -v - 16 = 4*g - 36, h*v + 5 = g. What is the highest common divisor of w and g?
5
Let d be 12/(6/(-30) + 51/30). Let r(k) = -2*k + 17. Let m be r(d). Calculate the highest common divisor of 5 and m.
1
Suppose 41*s - 582 = 38*s + 5*f, 4*f = -s + 177. Suppose 2*i = -2*c + 48, 0*c = -i + 4*c + 9. What is the highest common divisor of s and i?
21
Let c be (-1314)/(-10) + (-17)/(255/(-9)). Calculate the highest common divisor of 440 and c.
44
Let a(c) = 7*c**3 + 5*c**2 - 18*c - 5. Let y be a(3). Calculate the greatest common factor of y and 50.
25
Suppose 9*f = 5 + 2956. Calculate the greatest common divisor of 28 and f.
7
Let m = -36 + 96. Let s(q) = -q + 29. Let p be s(9). What is the greatest common divisor of m and p?
20
Let g be 0 + 71 + -2 + 6. Suppose 2*t + t = g. Let k = t - 9. What is the greatest common divisor of 64 and k?
16
Suppose -4*u + 4*z + 136 = 0, -18*z + 15*z = -2*u + 69. Suppose -4*q + 3*q - 4 = 0, 2*x = 3*q + 56. Calculate the greatest common divisor of x and u.
11
Let v = 393 - 213. Suppose -2*m = -84 + 44. What is the highest common factor of v and m?
20
Let k(r) be the second derivative of r**5/4 - r**4/6 - 2*r**2 + 11*r. Let b be k(2). What is the greatest common factor of b and 308?
28
Let o(q) = -q**2 + 12*q - 3. Let z be o(10). Let t = 0 - z. Let p be ((-2)/(-1) - t)*1. Calculate the highest common divisor of 19 and p.
19
Let u = 15 + -25. Let x be (u/4)/(3/(36/(-3))). What is the highest common divisor of x and 30?
10
Suppose -k = 4*u + 14, -3*u - 3 - 6 = 0. Let g = -536 - -538. Let f be (-41 - -2)*k/g. What is the greatest common factor of 13 and f?
13
Suppose -2*s = -3*s + 4. Suppose -s*q - 73 = -4*l + q, 12 = 4*q. What is the greatest common divisor of l and 44?
22
Let k = 35 + -35. Suppose k = y - 13. Let r = -81 + 146. Calculate the greatest common factor of r and y.
13
Let l be (-1094)/2735 + 44*11/10. Calculate the highest common divisor of 54 and l.
6
Suppose 5*v = -4*v + 90. What is the highest common factor of 4 and v?
2
Suppose 0 = 7*w - 4*w - 2*a - 9, 3*w + a = 18. Let f = -1 + 3. Suppose -f*r = r - 45. Calculate the highest common factor of r and w.
5
Let o(x) = -3*x + 2. Let r be o(-1). Suppose 4*k + 5*a = -11 + 33, 2*k + 4 = r*a. Calculate the highest common factor of 6 and k.
3
Let q be 0 + (4 - (-198 + 2)). Suppose -2*x - 2*u = -82, 0 = -4*x - x - 4*u + q. What is the highest common divisor of 18 and x?
18
Suppose -t + 3*y = -27, 2*t + 5*y - 1 + 2 = 0. What is the greatest common divisor of 132 and t?
12
Suppose 15 = 3*m, 2*m - m = c - 91. Let x